lculate the remainder when 445496 is divided by 150.
146
Calculate the remainder when 3194456 is divided by 6683.
6665
Calculate the remainder when 1304667 is divided by 652317.
33
Calculate the remainder when 23647700 is divided by 24.
20
Calculate the remainder when 1332930 is divided by 190406.
88
What is the remainder when 104842993 is divided by 6485?
6483
Calculate the remainder when 39809 is divided by 16971.
5867
Calculate the remainder when 963913 is divided by 3455.
3423
Calculate the remainder when 6183 is divided by 3048.
87
What is the remainder when 178377359 is divided by 120?
119
What is the remainder when 25432024 is divided by 12?
4
What is the remainder when 113797 is divided by 188?
57
What is the remainder when 3763002 is divided by 55338?
18
Calculate the remainder when 14683912 is divided by 67.
58
What is the remainder when 59413749 is divided by 6?
3
Calculate the remainder when 9636156 is divided by 4071.
99
Calculate the remainder when 2573306 is divided by 61266.
134
Calculate the remainder when 671744 is divided by 61063.
51
What is the remainder when 4364184 is divided by 22041?
66
What is the remainder when 146536 is divided by 223?
25
What is the remainder when 84105 is divided by 42048?
9
What is the remainder when 2324685 is divided by 62?
57
What is the remainder when 35568394 is divided by 27?
25
What is the remainder when 230358 is divided by 603?
12
What is the remainder when 2171162 is divided by 28?
14
What is the remainder when 787384535 is divided by 424?
423
What is the remainder when 1077657766 is divided by 10?
6
What is the remainder when 435600 is divided by 12811?
26
What is the remainder when 451725 is divided by 12?
9
What is the remainder when 213221 is divided by 627?
41
What is the remainder when 1370771 is divided by 288?
179
Calculate the remainder when 204278 is divided by 959.
11
What is the remainder when 99059 is divided by 129?
116
What is the remainder when 2745833 is divided by 2745814?
19
What is the remainder when 352888 is divided by 397?
352
What is the remainder when 4461026 is divided by 26?
24
What is the remainder when 255427 is divided by 20?
7
Calculate the remainder when 8636 is divided by 733.
573
Calculate the remainder when 4229639 is divided by 4229631.
8
Calculate the remainder when 20987333 is divided by 115.
63
What is the remainder when 937253 is divided by 37490?
3
What is the remainder when 18919516 is divided by 563?
464
Calculate the remainder when 278146 is divided by 5800.
5546
What is the remainder when 862274 is divided by 317?
34
What is the remainder when 3186643 is divided by 651?
649
Calculate the remainder when 4879118 is divided by 859.
857
Calculate the remainder when 258111 is divided by 120.
111
Calculate the remainder when 1233374 is divided by 504.
86
Calculate the remainder when 90376 is divided by 2311.
247
Calculate the remainder when 17411650 is divided by 870582.
10
What is the remainder when 1533640 is divided by 572?
108
What is the remainder when 5751745 is divided by 187?
186
Calculate the remainder when 750277 is divided by 237.
172
What is the remainder when 137033405 is divided by 1136?
1133
What is the remainder when 4194211 is divided by 4194190?
21
Calculate the remainder when 502943 is divided by 45722.
1
Calculate the remainder when 389976 is divided by 129933.
177
Calculate the remainder when 32100895 is divided by 8025223.
3
Calculate the remainder when 151502 is divided by 6459.
2945
Calculate the remainder when 793056 is divided by 234.
30
What is the remainder when 1169936 is divided by 828?
800
What is the remainder when 3023832 is divided by 1605?
12
Calculate the remainder when 623829 is divided by 987.
45
What is the remainder when 3111435 is divided by 3597?
30
What is the remainder when 438967 is divided by 1297?
581
Calculate the remainder when 26597 is divided by 18673.
7924
What is the remainder when 30301370 is divided by 30?
20
Calculate the remainder when 1418932099 is divided by 4715.
4714
Calculate the remainder when 181127 is divided by 9527.
114
Calculate the remainder when 17324725 is divided by 161.
159
What is the remainder when 6302652 is divided by 2100741?
429
Calculate the remainder when 11087953 is divided by 341.
338
What is the remainder when 542613 is divided by 304?
277
What is the remainder when 19272 is divided by 1281?
57
Calculate the remainder when 279347 is divided by 877.
461
Calculate the remainder when 7220 is divided by 1922.
1454
Calculate the remainder when 984214 is divided by 464.
70
Calculate the remainder when 2722826 is divided by 1361397.
32
Calculate the remainder when 147289 is divided by 847.
758
What is the remainder when 3234879 is divided by 16?
15
What is the remainder when 283852 is divided by 7?
2
What is the remainder when 31464833 is divided by 363?
356
What is the remainder when 273628 is divided by 1152?
604
What is the remainder when 9078095 is divided by 115?
110
Calculate the remainder when 42109 is divided by 1331.
848
What is the remainder when 1265134 is divided by 512?
494
Calculate the remainder when 45344830 is divided by 3389.
10
Calculate the remainder when 119195 is divided by 3875.
2945
What is the remainder when 252526 is divided by 9077?
7447
What is the remainder when 11309709 is divided by 3769535?
1104
What is the remainder when 602060 is divided by 7?
4
What is the remainder when 37425 is divided by 2693?
2416
Calculate the remainder when 1252869 is divided by 2355.
9
Calculate the remainder when 4307541 is divided by 113356.
13
What is the remainder when 3717927 is divided by 29?
11
What is the remainder when 2432475 is divided by 54?
45
What is the remainder when 10771930 is divided by 533?
0
Calculate the remainder when 123190593 is divided by 363.
9
Calculate the remainder when 313449 is divided by 504.
465
Calculate the remainder when 11490044 is divided by 5745015.
14
Calculate the remainder when 204960040 is divided by 6108.
6100
What is the remainder when 4893 is divided by 1225?
1218
What is the remainder when 1255687 is divided by 89680?
167
Calculate the remainder when 1578443 is divided by 19249.
25
What is the remainder when 370851 is divided by 92711?
7
What is the remainder when 11781500 is divided by 284?
44
Calculate the remainder when 260948 is divided by 10.
8
Calculate the remainder when 582867 is divided by 160.
147
What is the remainder when 3450669 is divided by 12065?
79
What is the remainder when 1013556 is divided by 328?
36
Calculate the remainder when 27750244 is divided by 15.
4
Calculate the remainder when 5287294 is divided by 56.
54
Calculate the remainder when 180303 is divided by 243.
240
Calculate the remainder when 39429008 is divided by 76265.
3
What is the remainder when 40608474 is divided by 20304232?
10
Calculate the remainder when 2718141 is divided by 363.
360
Calculate the remainder when 2701046 is divided by 866.
858
Calculate the remainder when 27076268 is divided by 30.
8
What is the remainder when 5692102 is divided by 15989?
18
Calculate the remainder when 9582223 is divided by 13.
1
Calculate the remainder when 3318510 is divided by 25.
10
Calculate the remainder when 11906831 is divided by 402.
395
Calculate the remainder when 11757 is divided by 11327.
430
What is the remainder when 21294837 is divided by 19?
17
What is the remainder when 112664 is divided by 562?
264
Calculate the remainder when 8927846 is divided by 8927826.
20
Calculate the remainder when 37996 is divided by 273.
49
Calculate the remainder when 279277 is divided by 46504.
253
Calculate the remainder when 48215505 is divided by 118.
115
What is the remainder when 611058 is divided by 152596?
674
What is the remainder when 9630148 is divided by 875464?
44
What is the remainder when 23141354 is divided by 33393?
5
What is the remainder when 436568 is divided by 16791?
2
Calculate the remainder when 981356 is divided by 2820.
2816
What is the remainder when 1409031 is divided by 407?
404
What is the remainder when 207164 is divided by 644?
440
What is the remainder when 9885119 is divided by 22?
13
What is the remainder when 5280471 is divided by 161?
154
What is the remainder when 155631933 is divided by 872?
861
What is the